115?
5
Calculate the highest common factor of 1572293 and 116.
29
What is the highest common divisor of 438 and 5390174?
146
What is the greatest common divisor of 28710 and 2193705?
1305
What is the highest common factor of 91 and 115346777?
91
Calculate the highest common factor of 392 and 383523.
49
Calculate the greatest common factor of 2958010 and 220.
110
Calculate the highest common factor of 86448954 and 50448.
6306
What is the highest common divisor of 48650834 and 1112?
278
Calculate the highest common factor of 2916 and 154989936.
324
What is the highest common factor of 323840616 and 51?
51
Calculate the highest common divisor of 77508 and 1278.
18
What is the highest common factor of 1016 and 1608328?
1016
What is the greatest common factor of 286313005 and 1765?
1765
What is the highest common divisor of 423 and 11229710?
47
What is the greatest common divisor of 326423 and 171572?
727
Calculate the highest common factor of 22 and 87396177.
11
Calculate the greatest common factor of 461959 and 14020.
701
Calculate the greatest common factor of 4 and 40919302.
2
What is the highest common factor of 40021 and 29327647?
1291
What is the highest common factor of 8854 and 386726?
38
What is the highest common factor of 68930 and 779580?
610
Calculate the highest common factor of 117385359 and 100282.
2639
Calculate the highest common divisor of 650 and 1406110.
10
What is the greatest common divisor of 2888762931 and 558?
279
What is the highest common factor of 381999 and 159222?
669
Calculate the greatest common factor of 6872283052 and 76.
76
Calculate the highest common factor of 112969899 and 315.
63
Calculate the highest common factor of 335 and 77405.
5
What is the greatest common divisor of 76 and 523892?
4
Calculate the highest common factor of 535088 and 304.
16
What is the greatest common divisor of 225511437 and 2602?
1301
What is the highest common divisor of 287321790 and 1470?
1470
Calculate the greatest common divisor of 86578 and 883446.
146
Calculate the greatest common factor of 175325856 and 8.
8
What is the greatest common factor of 107345612 and 396?
44
What is the greatest common divisor of 1724787 and 42252?
1509
What is the greatest common divisor of 1035804 and 6195?
1239
Calculate the greatest common divisor of 166923 and 33821.
1091
Calculate the greatest common divisor of 1935 and 703265.
215
Calculate the greatest common divisor of 18960946 and 33898.
1994
Calculate the greatest common factor of 194496 and 630086.
2026
What is the greatest common factor of 14 and 603234625?
7
What is the highest common divisor of 6166140 and 240?
60
Calculate the highest common divisor of 88265 and 536540.
695
Calculate the greatest common divisor of 4140581 and 20574.
127
Calculate the greatest common factor of 5 and 156119695.
5
What is the highest common factor of 1169 and 213612?
7
What is the highest common factor of 27495 and 1471335?
705
What is the greatest common divisor of 22657688 and 8?
8
Calculate the highest common divisor of 1716143 and 145103.
1091
Calculate the highest common factor of 21858104 and 129.
43
Calculate the greatest common divisor of 342498541 and 293.
293
Calculate the greatest common factor of 160 and 771310.
10
What is the highest common divisor of 1398 and 12584563?
233
What is the highest common divisor of 16712488 and 13?
13
Calculate the highest common divisor of 40 and 444218680.
40
Calculate the highest common divisor of 20 and 24234420.
20
Calculate the greatest common factor of 2130 and 199903056.
426
Calculate the highest common factor of 94330242 and 666.
666
Calculate the highest common factor of 3525610 and 770.
110
Calculate the highest common factor of 1568 and 42098056.
392
What is the greatest common factor of 213038464 and 281?
281
What is the highest common divisor of 4941133 and 458?
229
Calculate the highest common divisor of 151782996 and 30024.
1668
Calculate the greatest common factor of 36168 and 136647.
3
What is the highest common factor of 25053280 and 42?
14
What is the highest common divisor of 1142285 and 5?
5
Calculate the greatest common divisor of 13999005 and 3729.
339
Calculate the greatest common divisor of 9239054 and 266.
38
What is the highest common factor of 62650 and 27566?
2506
Calculate the greatest common factor of 11140 and 94784690.
5570
Calculate the highest common factor of 17753 and 9143.
41
What is the highest common factor of 15485789 and 296711?
6313
Calculate the highest common divisor of 7414 and 428032462.
7414
What is the highest common factor of 25775520 and 480?
480
Calculate the highest common divisor of 4039980 and 735.
105
Calculate the greatest common factor of 322724776 and 2024.
2024
Calculate the greatest common factor of 67893 and 314979.
1113
What is the highest common divisor of 541904 and 35024?
176
What is the highest common divisor of 232 and 11223754?
58
Calculate the greatest common divisor of 39285337 and 182.
91
What is the greatest common factor of 420 and 75646235?
35
What is the highest common factor of 1225 and 9899764?
49
Calculate the greatest common factor of 4 and 5218124.
4
What is the greatest common factor of 963 and 545283?
9
Calculate the greatest common divisor of 135786 and 28302.
318
Calculate the highest common factor of 10227564 and 11196.
36
Calculate the highest common factor of 26 and 260334.
2
What is the greatest common divisor of 12425 and 5124070?
2485
Calculate the highest common factor of 2453016 and 450006.
1074
What is the highest common divisor of 76059 and 22599?
243
Calculate the highest common factor of 154394 and 40356.
38
Calculate the greatest common divisor of 125501 and 2182493.
3061
Calculate the highest common factor of 596 and 7822202.
298
What is the greatest common factor of 695358615 and 105?
105
What is the greatest common factor of 7331382 and 90?
18
Calculate the highest common factor of 22375026 and 510.
102
Calculate the highest common divisor of 10697964 and 7004.
68
Calculate the greatest common divisor of 9248 and 384992.
32
Calculate the greatest common factor of 4995192 and 6.
6
What is the highest common factor of 323946 and 356454?
378
Calculate the highest common divisor of 126 and 97332966.
18
Calculate the highest common divisor of 15704147 and 207.
23
Calculate the greatest common factor of 10070 and 542614.
106
What is the greatest common factor of 300791077 and 1601?
1601
What is the highest common factor of 4051700 and 86800?
3100
Calculate the greatest common divisor of 420 and 45463845.
105
Calculate the greatest common factor of 17363 and 10434984.
179
Calculate the highest common divisor of 11365 and 6768994.
2273
Calculate the greatest common factor of 77996 and 51615.
1147
Calculate the greatest common divisor of 99982 and 3622.
2
What is the highest common divisor of 532 and 480330697?
133
Calculate the highest common divisor of 2411314 and 306.
34
What is the greatest common divisor of 89092364 and 1808?
452
Calculate the highest common factor of 63455 and 4440.
185
What is the highest common divisor of 261 and 324094140?
261
What is the highest common divisor of 96 and 35608182?
6
What is the highest common divisor of 1365 and 105794598?
273
Calculate the highest common factor of 97438 and 54395.
473
Calculate the greatest common factor of 6314 and 288988.
14
Calculate the greatest common divisor of 312720 and 834060.
60
What is the highest common divisor of 2740380 and 860?
20
What is the highest common factor of 40 and 111839920?
40
Calculate the highest common factor of 811475 and 786625.
175
What is the highest common factor of 640 and 4288960?
320
Calculate the greatest common factor of 132 and 967706652.
132
What is the highest common factor of 40524326 and 917?
131
What is the greatest common factor of 16 and 94384464?
16
Calculate the greatest common factor of 226728 and 200784.
1128
What is the greatest common divisor of 6511 and 3314677?
17
What is the highest common factor of 14350 and 27550?
50
Calculate the greatest common factor of 35310 and 16192310.
1070
Calculate the greatest common divisor of 209572 and 81312.
484
Calculate the greatest common divisor of 247357 and 1013507.
2189
Calculate the greatest common factor of 75